o**2 - 2*o + 10. Let d(u) = -u**2 - u + 1. Let c(r) = -2*d(r) + q(r). Suppose -b + 0*b = 0. What are the prime factors of c(b)?
2
Let c = -4 + 8. Suppose -3*s + 8 = -c. Suppose 11 + 9 = s*y. What are the prime factors of y?
5
Suppose 2*g + 180 = 7*g. Suppose 67 = -3*q - 4*c, 0 = -2*q + 3*q + 3*c + 19. Let a = q + g. List the prime factors of a.
11
Let r be 6/9*(31 - 1). Suppose 4*m + 3*j = r, -4*j + 26 = 3*m + 4. List the prime factors of m.
2
Let z be 18/(-4) - 6/(-4). What are the prime factors of 58/z*12/(-8)?
29
Let z(d) = 4*d**2 + 16*d + 7. What are the prime factors of z(-9)?
11, 17
Let u = 314 - 208. What are the prime factors of u?
2, 53
Let v(j) = 10*j - 6. Let h be v(-8). Let q = 57 + h. Let u = q + 40. List the prime factors of u.
11
Suppose -4 = -4*p - 56. Let r(a) = -a**3 - 5*a**2 - a - 2. Let h be r(-5). What are the prime factors of (-1)/(h + 40/p)?
13
Let c be (5/(-15))/((-2)/6). Let f(h) = 11*h**2. List the prime factors of f(c).
11
Let n(p) = -3*p + 15 - 12 + 2*p. List the prime factors of n(-5).
2
Suppose -2*o = -3*x + 238, -5*o = -4*x - 18 + 326. What are the prime factors of x?
2, 41
Let v(g) = -277*g - 1. List the prime factors of v(-1).
2, 3, 23
Let z be 3 + (-1 - 3 - -3). Suppose z*g - 177 - 16 = -5*o, 5*o = 4*g + 199. List the prime factors of o.
3, 13
Let x = 116 + -77. What are the prime factors of x?
3, 13
Let o(j) = 13*j + 24. Let m(f) be the third derivative of f**4/8 + f**3 - 2*f**2. Let z(b) = 9*m(b) - 2*o(b). List the prime factors of z(-3).
3
Suppose 0*h = -4*h - 24. Let d = 16 + h. List the prime factors of d.
2, 5
Let f(k) = 2*k**2 - k - 1. Suppose 0 = -4*d + 11 + 1. What are the prime factors of f(d)?
2, 7
Suppose -2*c - 2 = -c + 4*d, 0 = -5*c - 5*d + 65. List the prime factors of ((1 - 3) + 4)*c.
2, 3
Let h(b) = b + 1. Let o be h(-6). Let c(g) = g**3 + 6*g**2 + 4*g. Let w be c(o). Suppose r - w + 2 = 0. What are the prime factors of r?
3
Suppose 5*y - 2*k - 23 = 34, k + 35 = 3*y. What are the prime factors of y?
13
Let c = -57 + 99. List the prime factors of c.
2, 3, 7
List the prime factors of (-1)/(-4 - -3)*38.
2, 19
Let f(s) = 9 - s + 3 + 1. Suppose -5*m + m + 24 = 0. List the prime factors of f(m).
7
Let g = -200 + 339. List the prime factors of g.
139
Suppose -22 = -3*m + 56. What are the prime factors of m?
2, 13
Let w(z) = z**3 - 7*z**2 + 6*z + 2. Let s be w(6). Suppose 2*y = -3*b - 6, -5*y - 2 + 25 = -s*b. What are the prime factors of y?
3
Let t = 2 - -4. Suppose -4*w = -b + 20, 0 = 4*b - w + t*w - 101. What are the prime factors of b?
2, 3
Let j(o) = -2*o + 17. What are the prime factors of j(-21)?
59
Let q be (-16)/(-10) - 12/(-30). Let z be q/3*27/6. Suppose z*l - 37 + 7 = 0. What are the prime factors of l?
2, 5
List the prime factors of 4/6 - 124/(-3).
2, 3, 7
Let m(t) = t - 2*t + 4 + 5. Let f be m(7). Suppose -u + 24 = 4*c, 0 = 3*c - f*u + u - 11. What are the prime factors of c?
5
Suppose -2*i + 4 = -u, -u - 6 = -3*i - 0*u. Let g be (2 + -1)*1*i. What are the prime factors of (3/g - 2)*-4?
2
Let x = 196 + -77. List the prime factors of x.
7, 17
Suppose -246 - 202 = -8*z. List the prime factors of z.
2, 7
Suppose 5*h = -3 + 68. List the prime factors of h.
13
Let w be (-37)/(-5) - 4/10. Let a(c) = c**2 + c - 4. Let x be a(2). Suppose -h - n = -10 - w, -8 = -x*n. What are the prime factors of h?
13
List the prime factors of ((-1764)/16)/(-1) + (-1)/4.
2, 5, 11
Suppose 2 = k - j - 0, 0 = -3*k - j + 14. Suppose -5*u + 5*x = -16 - 19, 5*u = k*x + 33. What are the prime factors of u?
5
Let l(u) = -u**3 + 6*u**2 - 4*u. Let k be 3 + (3 - 3 - -1). List the prime factors of l(k).
2
Let s = -5 - -11. Let t be ((-20)/s)/((-4)/12). List the prime factors of 4/(-6)*(-45)/t.
3
Let h(b) = 7*b - 3. Suppose 0 = -i + 3 + 1. List the prime factors of h(i).
5
Let y be -3 + 0 + -2 + 7. Suppose 4*b - 18 - y = 0. Suppose -j - b = -2*j. What are the prime factors of j?
5
Let s = 54 - 33. List the prime factors of s.
3, 7
Let a be (-4)/(-18) - (-6)/(-27). What are the prime factors of (2 - 3) + a + 16?
3, 5
Let c(f) = 10*f**3 + f**2 - f + 1. Let t be c(1). Let r(z) = z - 4. Let y be r(8). Suppose w - t - y = 0. What are the prime factors of w?
3, 5
Suppose -290 = -10*x + 1540. What are the prime factors of x?
3, 61
Suppose 2*j = -45 + 177. List the prime factors of j.
2, 3, 11
Let p(w) = -w**2 + 7*w - 4. Let y(d) = -d**2 + 6*d + 2. Let b be y(6). Let g be (-2)/b*-3 - -2. List the prime factors of p(g).
2, 3
Let z(u) = u + 14. What are the prime factors of z(-7)?
7
What are the prime factors of (11/(-4))/((-37)/36 + 1)?
3, 11
Suppose -7 = 5*s + 53. Let a(d) = -3*d**3 + d + 1. Let q be a(-2). Let p = s + q. List the prime factors of p.
11
Let f = 2 - 0. Let t = 3 + f. What are the prime factors of t?
5
Let u(d) = -d**3 + 7*d**2 - 6*d + 1. Let z be u(6). Let g(a) = 9*a**2 + 4 + 2*a**2 - 2*a - 3 + a**2. What are the prime factors of g(z)?
11
Let c(t) = t**2 + 8. Let d be (-4)/((-8)/2 - -2). Suppose d*w = -w. What are the prime factors of c(w)?
2
List the prime factors of (3*(-3)/(-27))/((-2)/(-606)).
101
Let v = 374 + -131. List the prime factors of v.
3
Suppose 0 = -u - i - 65, 4*u + 0*i + 292 = 4*i. Let s(t) = -t - 2. Let w be s(-3). What are the prime factors of (u/(-6))/(w/2)?
23
Let l be 0/(-1) + (-24)/8. Let i(v) = v + 5. What are the prime factors of i(l)?
2
Let k be ((-10)/(-4))/(1/2). Suppose 0 = -4*u - 2*a + 26, 3*a + 43 = k*u + 2*a. What are the prime factors of u?
2
Suppose 9*m - 6*m = 108. List the prime factors of m.
2, 3
Let u = 11 - 6. Suppose 8 = 4*l, u*a - 12 = 5*l + 23. What are the prime factors of a?
3
Let j(y) = y + 6. Let q be j(0). List the prime factors of (-33)/q*(-5 + 3).
11
Let t = -29 - -17. Let w = t + 49. List the prime factors of w.
37
Let p be (-2)/(-7) + (-304)/(-14). Let u(z) = 4*z - 28. Let b be u(7). Suppose -3*r - 2*v + p = 5, 2*r + 2*v - 8 = b. List the prime factors of r.
3
Let f = 17 + -8. What are the prime factors of f?
3
Let n be 5 + 2/(4 + -2). Let q(i) = i**2 - 6*i - 6. Let y be q(n). Let d(t) = -t**2 - 8*t - 2. List the prime factors of d(y).
2, 5
Suppose 10*l + 189 = 1449. What are the prime factors of l?
2, 3, 7
Let k = -18 - -48. Suppose 4*v + 12 = 2*w - 2, k = 3*w + 3*v. Let p = 16 - w. List the prime factors of p.
7
Suppose c = 4*w - 42, 12 = 2*w - 0*w + 4*c. Suppose -3*q = -5*j - 40, 2*j + 40 = 4*q - 2*j. Suppose -q*x = -w - 0. What are the prime factors of x?
2
Let y be 3/2 + (-2)/(-4). Suppose y*r = -0 + 6. What are the prime factors of r?
3
Suppose 2*z - 12 = 16. Suppose -12*j - 36 = -z*j. What are the prime factors of j?
2, 3
Suppose -p - m = -15 + 1, -46 = -3*p - 4*m. Suppose n + n - p = 0. List the prime factors of n.
5
Suppose -5*k + 12 = -8. Suppose -k*a + 1 = -11. List the prime factors of a.
3
Let c(p) = -p**2 + 8*p - 8. Let i = 4 - -2. Let g be c(i). List the prime factors of 4*(0 + 5/g).
5
Let k(n) = 16*n - 2. Let s be k(2). Let f be 1/(-2*3/s). List the prime factors of f*(0 - -2)*-1.
2, 5
Let c(x) = x**3 - 5*x**2 + 5*x - 3. Let r be c(4). Suppose -2*m + 3 + r = 0. What are the prime factors of m?
2
Suppose 3*c - 3 = -6, 0 = -4*s + 2*c + 14. Suppose s*q - q = 8. Suppose -3*k - 3 = -2*d, d + 16 = 5*d + q*k. List the prime factors of d.
3
Suppose 0 = 3*y - 5*w - 20, 0 = -3*y + 2*w + 10 + 7. List the prime factors of 10/25 + 23/y.
5
Let z(i) = 2*i**3 + i**2 - 2. Let q be z(2). Suppose -2*w = -5*u - 16 - q, 4*w = 5*u + 88. List the prime factors of w.
3
Let k be -1*(-3)/(-6)*0. Suppose k = -4*x - g + 58, -x - 47 = -4*x + g. What are the prime factors of x?
3, 5
What are the prime factors of 8/36 - (-88)/9?
2, 5
Let t = -9 + 14. Let c be (3/(-4))/((-2)/(-8)). Let f = c + t. What are the prime factors of f?
2
Let h = 229 - 137. List the prime factors of h.
2, 23
Let w(q) be the second derivative of 7*q**4/6 - q**2/2 - 3*q. List the prime factors of w(1).
13
Let f(a) = -2*a**3 - 5*a**2 - 3*a - 2. What are the prime factors of f(-3)?
2
Let l = 6 - 20. List the prime factors of (-494)/l - 16/56.
5, 7
Suppose 0 = -i - i. Let t be 4/2*(-1)/(-2). What are the prime factors of (t + 4)*(i + 1)?
5
Let q(r) = r**2 + 2*r + 3. Suppose 0 = -2*m - 4*w + 6, 0 = -2*m + 7*m + 5*w. Let s be q(m). List the prime factors of ((-8)/s)/((-1)/6).
2
Let i(x) = x + 69. What are the